11. Determine p(0).
-11
Let d(j) = -5*j**2 + j + 1. Calculate d(2).
-17
Let h(x) = -5*x - 49. Determine h(-10).
1
Let u(a) = -a**2 - 47*a - 260. Determine u(-41).
-14
Let j(y) = -y + 18. What is j(7)?
11
Let j(a) = -a**2 + 5*a - 15. What is j(10)?
-65
Let i(z) = -z**2 - 6*z + 1. Give i(-4).
9
Let c(l) = l**3 - 6*l**2 - 11*l + 4. Calculate c(8).
44
Let x(u) = -2*u**2 + 6*u - 6. Calculate x(3).
-6
Let w(b) = -3*b**2 - 16*b - 2. Give w(-5).
3
Let y(q) = -11*q - 49. What is y(-4)?
-5
Let r(p) = -p**3 - 15*p**2 - 43*p + 31. What is r(-11)?
20
Let b(o) = o**3 - 14*o**2 + 8*o + 6. Give b(13).
-59
Let w(o) = 4*o - 2. Give w(5).
18
Let k(z) = z + 22. Give k(-17).
5
Let f(q) = 3*q + 23. Calculate f(-8).
-1
Let m(a) = -a**3 - 9*a**2 - a - 16. Calculate m(-9).
-7
Let x(d) = -3*d**3 - 8*d**2 - 9*d - 1. Give x(-4).
99
Let m(d) = d**2 - 28*d + 15. What is m(27)?
-12
Let l(f) = 15*f - 1. Calculate l(2).
29
Let y(u) = u**3 - 102*u + 6. Give y(10).
-14
Let k(w) = -2*w**2 + 10*w + 1. Give k(6).
-11
Let u(s) = s - 12. What is u(9)?
-3
Let a(b) = b**3 - 13*b - 2. What is a(-4)?
-14
Let h(y) = y**3 + 4*y**2 - 7*y + 2. What is h(-5)?
12
Let h(s) = s**2 - 5*s - 7. Calculate h(6).
-1
Let q(r) = -r**3 + r**2 - 3*r + 7. Give q(0).
7
Let a(r) = -r**2 - 17*r + 6. Calculate a(-9).
78
Let n(l) = l**2 + 7*l - 9. What is n(-7)?
-9
Let a(h) = -h**2 - 12*h + 19. Determine a(2).
-9
Let h(i) = -i**2 + 5*i - 12. Calculate h(0).
-12
Let n(k) = -k**2 - 2*k + 7. Determine n(-6).
-17
Let x(a) = -a**2 + 4*a - 13. Calculate x(5).
-18
Let b(c) = -4*c + 6. What is b(8)?
-26
Let u(n) = -n**3 + 7*n**2 + 8*n - 37. What is u(7)?
19
Let x(a) = -2*a + 3. Calculate x(3).
-3
Let b(a) = a**3 + 11*a**2 - 39*a + 31. What is b(-14)?
-11
Let c(d) = -2*d**2 - 8*d + 1. What is c(-6)?
-23
Let t(a) = -29*a - 7. Calculate t(3).
-94
Let u(q) = q**3 + 23*q**2 + 22*q + 19. Determine u(-22).
19
Let z(j) = 12*j + 72. Calculate z(-6).
0
Let h(x) = x**2 - 11*x + 8. Give h(7).
-20
Let h(o) = 18*o - 884. Determine h(49).
-2
Let f(l) = l**2 - 3*l - 27. What is f(5)?
-17
Let w(p) = 10*p - 38. Determine w(5).
12
Let m(p) = p**3 - 30*p**2 + 32*p - 85. Calculate m(29).
2
Let p(f) = f**3 + 11*f**2 + 4*f - 9. Determine p(-11).
-53
Let p(m) = m**2 - 69*m + 71. Give p(1).
3
Let o(g) = 18*g - 24. Determine o(1).
-6
Let v(l) = 4*l + 6. Calculate v(-2).
-2
Let t(w) = 27*w - 184. Calculate t(7).
5
Let a(u) = -u**3 - 13*u**2 + 28*u - 30. Give a(-15).
0
Let x(p) = p**2 - 10*p - 5. Determine x(11).
6
Let x(z) = 2*z**3 + 3*z**2 - z - 1. Give x(1).
3
Let r(s) = -2*s**3 + 10*s**2 - 12*s - 3. Calculate r(3).
-3
Let g(a) = -a**2 - 6*a - 2. Give g(-4).
6
Let n(l) = l**2 + l - 96. Determine n(-10).
-6
Let m(j) = -j**2 + 10*j + 56. Calculate m(-4).
0
Let h(v) = 12*v + 19. Give h(-2).
-5
Let n(t) = t**2 + 7*t - 16. Calculate n(-8).
-8
Let v(r) = 3*r**2 - 14*r - 9. Calculate v(7).
40
Let h(m) = -m**2 + 17*m + 93. Calculate h(21).
9
Let h(d) = -d**3 + 3*d**2 + 11*d - 16. Determine h(5).
-11
Let z(v) = -v**2 - 20*v + 40. Give z(-22).
-4
Let w(n) = 4*n**2 - 14*n - 23. Determine w(-6).
205
Let h(m) = -2*m**3 + m**2 - 1. Calculate h(-1).
2
Let r(j) = j**2 + 2*j - 20. Calculate r(-10).
60
Let y(b) = b**3 + 7*b**2 - b + 4. Calculate y(-6).
46
Let j(h) = -45*h. Calculate j(-1).
45
Let u(s) = s**3 - 2*s**2 - 13*s - 4. Give u(5).
6
Let h(v) = -2*v**2 - 20*v + 18. Give h(-10).
18
Let u(o) = 20*o**2 - 5*o + 1. What is u(1)?
16
Let i(y) = y**3 - 2*y + 62. Give i(0).
62
Let a(t) = 14*t - 221. What is a(16)?
3
Let x(a) = a**3 - 8*a**2 - 14*a + 12. Calculate x(10).
72
Let c(b) = 90*b + 632. What is c(-7)?
2
Let c(t) = 4*t**2 - 20*t. Give c(5).
0
Let i(b) = -30*b**3 - 2*b**2 + 2*b + 3. What is i(-1)?
29
Let q(c) = c**2 + 6*c - 87. Calculate q(-13).
4
Let m(i) = i**2 - 4*i + 7. What is m(5)?
12
Let f(l) = l**3 + 3*l**2 - 5*l + 2. What is f(-5)?
-23
Let b(k) = -k**2 - 7*k - 32. Give b(-5).
-22
Let c(i) = -i**2 + 11*i - 32. Determine c(7).
-4
Let x(f) = f**3 + 4*f**2 + f - 2. Give x(-4).
-6
Let o(u) = 3*u**3 - u**2 + u - 4. Determine o(-3).
-97
Let b(t) = -2*t**2 - 6*t + 14. What is b(4)?
-42
Let i(l) = -l**2 + 5*l - 4. Give i(2).
2
Let x(j) = -56*j**3 + 2*j**2 + 3*j + 2. Calculate x(-1).
57
Let d(v) = -16*v - 8. Determine d(7).
-120
Let a(z) = 2*z - 58. What is a(15)?
-28
Let h(t) = t**3 + 25*t**2 + 25*t + 28. What is h(-24)?
4
Let v(g) = 4*g**3 + 2*g**2 - 5*g + 4. Determine v(1).
5
Let z(c) = -5*c**2 - 34*c. Calculate z(-7).
-7
Let c(s) = s**3 - 15*s**2 - 15*s - 20. Determine c(16).
-4
Let h(m) = m. Calculate h(6).
6
Let u(i) = -i**3 + 19*i**2 + 19*i + 32. Calculate u(20).
12
Let p(n) = -35*n - 163. Calculate p(-5).
12
Let a(n) = n**3 - n**2 + n - 8. Determine a(5).
97
Let y(b) = -b**2 + 14*b + 4. Determine y(13).
17
Let u(b) = -6*b - 13. Calculate u(0).
-13
Let s(q) = 63*q + 380. Determine s(-6).
2
Let p(y) = y**2 + 5*y + 5. What is p(-2)?
-1
Let z(r) = -9*r - 5. Determine z(-5).
40
Let n(v) = -28*v**2 + 4*v. What is n(-1)?
-32
Let s(u) = -2*u**3 + 3*u**2 + u. Give s(-1).
4
Let n(w) = w**3 - 9*w**2 + 4*w + 34. Determine n(8).
2
Let a(n) = -246*n + 982. Determine a(4).
-2
Let q(z) = -z**2 + z + 7. What is q(6)?
-23
Let k(s) = s**3 + 4*s**2 + 4*s + 2. What is k(-2)?
2
Let n(a) = -2*a + 20. Calculate n(8).
4
Let p(r) = r**3 + 15*r**2 - 16*r + 17. Calculate p(-16).
17
Let u(t) = 7*t + 2. Determine u(1).
9
Let s(u) = -11*u - 217. Give s(-19).
-8
Let t(r) = 13*r**2 + r. Calculate t(-1).
12
Let c(b) = -b**2 + 10*b - 1. Calculate c(9).
8
Let v(c) = c + 1. Calculate v(-5).
-4
Let o(g) = -41*g**3 - g**2 + g. Determine o(1).
-41
Let f(u) = u**2 + 9*u + 13. Give f(-7).
-1
Let v(s) = -s + 2. Calculate v(-3).
5
Let z(r) = -2*r**2 + 2*r - 4. Determine z(4).
-28
Let y(t) = -t**2 - 5*t - 7. Calculate y(-5).
-7
Let h(a) = 3*a - 135. Calculate h(29).
-48
Let s(a) = -11*a - 126. Calculate s(-12).
6
Let p(v) = 12*v**2 - 3*v + 12. Give p(3).
111
Let a(i) = 10*i**3 + 3*i**2 + 2*i. What is a(-1)?
-9
Let z(t) = -t**3 - 14*t**2 - 31*t - 64. Give z(-12).
20
Let s(b) = -b**2 + 3*b + 8. What is s(-2)?
-2
Let r(p) = 53*p - 370. What is r(7)?
1
Let o(f) = f**2 - 13*f - 9. Calculate o(13).
-9
Let a(n) = 68*n + 350. Calculate a(-5).
10
Let m(l) = -l**3 - 7*l**2 - l + 7. Calculate m(-8).
79
Let p(r) = -7*r + 4. Calculate p(0).
4
Let a(w) = -w**3 + 10*w**2 + 76*w - 6. Calculate a(15).
9
Let h(b) = b**3 + 3*b**2 - b + 4. Determine h(-4).
-8
Let v(h) = h**2 - 13*h + 37. What is v(4)?
1
Let n(q) = 3*q**2 - 43*q - 137. Determine n(17).
-1
Let c(r) = -46*r - 2. What is c(0)?
-2
Let x(b) = b**3 - 4*b**2 + 3*b - 1. Give x(3).
-1
Let o(z) = 2*z**2 - 20*z + 13. What is o(9)?
-5
Let v(w) = -w**3 + 6*w**2 + 4*w - 9. What is v(6)?
15
Let x(f) = -f**2 - 16*f - 54. Determine x(-8).
10
Let b(a) = 6*a + 48. Calculate b(-10).
-12
Let t(i) = i**3 - 7*i**2 + 9*i - 11. What is t(6)?
7
Let i(k) = -3*k - 37. Give i(-18).
17
Let n(p) = 3*p**2 - 3*p - 19. Give n(-2).
-1
Let f(h) = h**2 - h + 4. What is f(0)?
4
Let o(t) = -2*t**2 - 40*t - 5. Give o(-20).
-5
Let l(w) = 2*w**2 - 9*w - 13. What is l(6)?
5
Let o(n) = n**2 - 23*n + 114. Calculate o(8).
-6
Let q(f) = -f**2 - 7*f - 3. Determine q(-13).
-81
Let f(a) = a + 2. Give f(5).
7
Let p(w) = 24*w**2 - 117*w + 3. Give p(5).
18
Let x(c) = -c**3 + c**2 - c + 4. What is x(3)?
-17
Let k(i) = i**2 + 3*i - 3. Calculate k(-4).
1
Let u(t) = 4*t**2 + 12*t - 9. Determine u(-4).
7
Let u(h) = -h**3 - 6*h**2 - 7*h + 1. Determine u(-5).
11
Let s(d) = -d**2 - 5*d + 2. Determine s(-5).
2
Let o(k) = 3*k + 31. Determine o(-10).
1
Let c(u) = -u**3 - 6*u**2 + 82*u + 520. Give c(-7).
-5
Let r(v) = -v**2 + 9*v + 33. Calculate r(12).
-3
Let d(j) = j**2 + 19*j - 2. Give d(-7).
-86
Let t(s) = -s**3 + 9*s**2 + 2*s - 13. Calculate t(9).
5
Let j(z) = z**3 + 9*z**2 - 10. Determine j(-7).
88
Let r(t) = t**3 - 15*t**2 + 3*t - 47. Calculate r(15).
-2
Let f(v) = v**3 + 6*v**2 - 3*v + 4. Determine f(-7).
-24
Let x(w) = -4*w + 1. Give x(-1).
5
Let n(o) = o**3 + 13*o**2 + o + 21. Calculate n(-13).
8
Let t(u) = -6*u + 31. Determine t(6).
-5
Let u(w) = -w**3 - 6*w**2 + 2*w + 2. Give u(-5).
-33
Let p(u) = 4*u + 31. What is p(-9)?
-5
Let b(j) = -3*j**3 - j**2 + 4*j - 1. Determine b(3).
-79
Let h(v) = v**3 + 7*v**2 + 7*v + 4. Give h(-6).
-2
Let u(x) = x**3 - 31*x**2 - 69*x + 95. What is u(33)?
-4
Let b(